(base 11) in base 9?
3
What is -6 (base 7) in base 12?
-6
-15 (base 7) to base 10
-12
What is 422 (base 6) in base 11?
134
2 (base 9) to base 4
2
What is -142 (base 12) in base 10?
-194
What is -3 (base 15) in base 5?
-3
1 (base 3) to base 7
1
Convert 9 (base 15) to base 11.
9
What is 4 (base 5) in base 9?
4
What is 3 (base 10) in base 14?
3
What is -177 (base 9) in base 11?
-128
0 (base 2) to base 16
0
What is 30 (base 6) in base 2?
10010
-210 (base 6) to base 11
-71
-7 (base 14) to base 3
-21
10 (base 6) to base 2
110
What is 4 (base 8) in base 10?
4
0 (base 11) to base 2
0
-20 (base 6) to base 9
-13
-12021 (base 3) to base 10
-142
What is 5 (base 6) in base 16?
5
-11 (base 14) to base 9
-16
What is -6 (base 14) in base 8?
-6
Convert 29 (base 10) to base 8.
35
What is -3 (base 6) in base 3?
-10
Convert 3 (base 8) to base 13.
3
-1000 (base 2) to base 15
-8
What is -4 (base 10) in base 12?
-4
Convert -40 (base 10) to base 8.
-50
What is 13 (base 16) in base 5?
34
-35 (base 10) to base 9
-38
What is -31 (base 13) in base 7?
-55
-23 (base 7) to base 10
-17
What is -14 (base 5) in base 15?
-9
What is -3 (base 12) in base 10?
-3
Convert 1110 (base 2) to base 11.
13
63 (base 12) to base 4
1023
Convert 0 (base 13) to base 14.
0
What is -111 (base 14) in base 15?
-e1
What is -6 (base 13) in base 6?
-10
32 (base 7) to base 14
19
Convert 44 (base 7) to base 13.
26
22 (base 3) to base 2
1000
What is -2141 (base 5) in base 3?
-101222
What is 4 (base 13) in base 7?
4
-9 (base 13) to base 4
-21
Convert -11 (base 6) to base 10.
-7
Convert 2231 (base 5) to base 10.
316
-5 (base 13) to base 6
-5
What is -222 (base 6) in base 8?
-126
-461 (base 7) to base 6
-1035
Convert -5b (base 14) to base 11.
-74
Convert 100 (base 5) to base 10.
25
Convert 40 (base 6) to base 16.
18
What is 3 (base 13) in base 7?
3
-55 (base 8) to base 6
-113
Convert 42 (base 8) to base 2.
100010
Convert -26 (base 10) to base 6.
-42
What is 0 (base 13) in base 4?
0
Convert 4 (base 14) to base 3.
11
1011100 (base 2) to base 10
92
12 (base 7) to base 9
10
Convert 3 (base 7) to base 9.
3
Convert -31 (base 13) to base 8.
-50
-11000100 (base 2) to base 4
-3010
What is -351 (base 9) in base 3?
-101201
What is 0 (base 10) in base 4?
0
-104 (base 5) to base 11
-27
1002 (base 5) to base 8
177
What is 4 (base 6) in base 2?
100
Convert -2 (base 7) to base 9.
-2
What is 42 (base 7) in base 11?
28
3 (base 10) to base 9
3
Convert -187 (base 10) to base 4.
-2323
11 (base 6) to base 16
7
88 (base 12) to base 5
404
276 (base 11) to base 15
16a
30 (base 5) to base 9
16
What is 20 (base 10) in base 3?
202
Convert -d1 (base 15) to base 2.
-11000100
Convert -10 (base 13) to base 6.
-21
What is 8 (base 14) in base 13?
8
-5 (base 7) to base 3
-12
Convert 0 (base 6) to base 9.
0
-2 (base 16) to base 4
-2
Convert 11 (base 11) to base 2.
1100
What is -50 (base 12) in base 8?
-74
Convert 4 (base 5) to base 13.
4
What is -6 (base 9) in base 2?
-110
11 (base 3) to base 14
4
50 (base 15) to base 14
55
Convert 10 (base 2) to base 11.
2
What is 32 (base 14) in base 9?
48
16 (base 9) to base 16
f
46 (base 10) to base 7
64
10 (base 15) to base 13
12
Convert -38 (base 9) to base 15.
-25
Convert 1121 (base 6) to base 12.
1a1
What is 0 (base 10) in base 15?
0
What is 100 (base 2) in base 13?
4
5 (base 8) to base 13
5
What is -1 (base 7) in base 13?
-1
What is 132 (base 7) in base 3?
2200
-156 (base 11) to base 13
-110
What is 10110111 (base 2) in base 4?
2313
What is -27 (base 10) in base 12?
-23
Convert -34 (base 8) to base 2.
-11100
Convert -3 (base 7) to base 4.
-3
Convert -120 (base 5) to base 4.
-203
What is 73 (base 12) in base 6?
223
What is 97 (base 15) in base 7?
262
Convert -a (base 14) to base 5.
-20
What is -1 (base 6) in base 11?
-1
Convert 230 (base 5) to base 6.
145
Convert -12 (base 8) to base 3.
-101
Convert 1 (base 14) to base 16.
1
Convert 222 (base 7) to base 13.
8a
Convert -37 (base 10) to base 11.
-34
Convert 5 (base 7) to base 14.
5
Convert 514 (base 6) to base 12.
13a
Convert 33 (base 16) to base 14.
39
What is 0 (base 9) in base 2?
0
What is -21 (base 5) in base 2?
-1011
What is 2 (base 10) in base 4?
2
What is 33 (base 11) in base 12?
30
Convert 3 (base 13) to base 5.
3
What is -4 (base 7) in base 15?
-4
What is 51 (base 8) in base 5?
131
Convert -2 (base 13) to base 16.
-2
Convert -162 (base 8) to base 3.
-11020
What is -4 (base 9) in base 11?
-4
-13 (base 6) to base 7
-12
What is -1 (base 8) in base 15?
-1
What is -165 (base 10) in base 12?
-119
-4 (base 14) to base 8
-4
What is 173 (base 15) in base 10?
333
Convert -7 (base 16) to base 8.
-7
What is 30 (base 4) in base 9?
13
Convert 0 (base 6) to base 13.
0
What is -35 (base 6) in base 16?
-17
What is 4 (base 16) in base 10?
4
What is -103 (base 10) in base 8?
-147
What is 25 (base 6) in base 2?
10001
0 (base 5) to base 11
0
3 (base 6) to base 10
3
Convert 3 (base 16) to base 14.
3
Convert 1 (base 10) to base 14.
1
Convert -3 (base 10) to base 9.
-3
What is 52 (base 16) in base 10?
82
What is -1010 (base 2) in base 14?
-a
Convert -67 (base 16) to base 11.
-94
What is -6 (base 10) in base 9?
-6
What is 1110 (base 4) in base 2?
1010100
What is 6 (base 12) in base 14?
6
Convert -254 (base 7) to base 2.
-10001001
What is 0 (base 15) in base 13?
0
Convert -22 (base 4) to base 8.
-12
What is -13 (base 4) in base 10?
-7
What is -107 (base 11) in base 4?
-2000
What is 1 (base 7) in base 6?
1
138 (base 10) to base 16
8a
Convert -635 (base 7) to base 3.
-102212
-303 (base 9) to base 12
-186
Convert b (base 13) to base 2.
1011
Convert 5 (base 16) to base 8.
5
-111 (base 5) to base 4
-133
-22 (base 10) to base 3
-211
What is a (base 15) in base 7?
13
-8 (base 16) to base 8
-10
What is 2 (base 8) in base 15?
2
22 (base 13) to base 10
28
0 (base 5) to base 9
0
Convert 233 (base 5) to base 3.
2112
-210 (base 3) to base 14
-17
Convert -1340 (base 5) to base 13.
-13c
-10 (base 3) to base 14
-3
Convert 201 (base 3) to base 15.
14
Convert -2 (base 5) to base 11.
-2
Convert -1312 (base 6) to base 7.
-653
-1b (base 13) to base 14
-1a
Convert 54 (base 8) to base 13.
35
What is -1 (base 16) in base 14?
-1
Convert 87 (base 12) to base 16.
67
3 (base 6) to base 9
3
Convert -11 (base 12) to base 5.
-23
What is 67 (base 14) in base 5?
331
What is 3 (base 16) in base 4?
3
What is -2 (base 3) in base 16?
-2
Convert -143 (base 9) to base 11.
-aa
Convert -35 (base 14) to base 11.
-43
What is -4 (base 15) in base 7?
-4
What is 122 (base 13) in base 14?
101
111010 (base 2) to base 15
3d
Convert 1 (base 15) to base 2.
1
What is -133 (base 6) in base 11?
-52
What is -1 (base 10) in base 2?
-1
What is -5 (base 6) in base 12?
-5
What is -174 (base 8) in base 12?
-a4
-3 (base 10) to base 8
-3
Convert 135 (base 14) to base 2.
11110011
35 (base 13) to base 15
2e
What is -1c (base 14) in base 9?
-28
-6 (base 8) to base 4
-12
What is -10110 (base 2) in base 5?
-42
Convert 8 (base 14) to base 12.
8
-18 (base 12) to base 16
-14
What is -1 (base 15) in base 11?
-1
3 (base 15) to base 6
3
What is -56 (base 7) in base 9?
-45
What is -44 (base 7) in base 8?
-40
What is -10 (base 5) in base 3?
-12
Convert 2 (base 7) to base 5.
2
Convert -10 (base 10) to base 12.
-a
What is -dd (base 16) in base 7?
-434
What is -1 (base 13) in base 5?
-1
Convert -6 (base 14) to base 2.
-110
10 (base 6) to base 11
6
What is -1 (base 14) in base 13?
-1
What is -22 (base 7) in base 3?
-121
-2 (base 11) to base 12
-2
Convert -117 (base 13) to base 2.
-10111101
10 (base 15) to base 4
33
What is 16 (base 9) in base 13?
12
Convert 0 (base 11) to base 3.
0
3 (base 14) to base 12
3
94 (base 13) to base 10
121
Convert 5 (base 12) to base 15.
5
Convert 2a (base 16) to base 2.
101010
What is -100 (base 2) in base 3?
-11
2c (base 16) to base 9
48
Convert 122 (base 3) to base 8.
21
Convert 202 (base 3) to base 2.
10100
Convert -87 (base 9) to base 4.
-1033
73 (base 10) to base 7
133
Convert -75 (base 9) to base 16.
-44
Convert 10 (base 4) to base 5.
4
What is -5 (base 7) in base 14?
-5
-3 (base 5) to base 7
-3
17 (base 15) to base 12
1a
Convert -3 (base 11) to base 14.
-3
-3 (base 8) to base 16
-3
-85 (base 11) to base 2
-1011101
What is -321 (base 4) in base 6?
-133
Convert -11 (base 5) to base 14.
-6
-2 (base 13) to bas